of r and u.
18
Let w = -83 + 147. What is the greatest common factor of w and 16?
16
Suppose -6*g + 12*g = 114. What is the greatest common factor of 95 and g?
19
Let f be -1 - (0 + (-2)/(-1)). Let r be (f + 2)/(3/(-27)). Suppose 4*v - 396 = -0*v. Calculate the highest common divisor of r and v.
9
Let z = 26 - 15. What is the greatest common factor of 44 and z?
11
Let y be -18*4/3*(0 - 2). What is the highest common factor of 12 and y?
12
Suppose 3*u + 24 = 7*u. Calculate the greatest common divisor of u and 9.
3
Suppose 4*j = 2 + 2. Calculate the greatest common divisor of 8 and j.
1
Let c(s) = 3*s**2 + 24*s + 2. Let v(y) = 2*y**2 + 12*y + 1. Let o(w) = 3*c(w) - 5*v(w). Let b be o(7). What is the highest common factor of b and 4?
4
Let v(m) = -m + 5. Let j be v(4). Suppose -10*g = -11*g + j. Calculate the highest common divisor of 2 and g.
1
Suppose 3*c - 46 + 2 = -v, -3*v + 3*c + 156 = 0. Let i be (2 + -1)/((-1)/(-9)). Suppose 49 - i = 2*z. Calculate the highest common factor of v and z.
10
Let d be 5 + -2 - 1/1. Suppose -3*l + 5 = d. What is the greatest common divisor of l and 4?
1
Let i(v) = -v**3 + 6*v**2 - 7*v + 2. Let d be i(3). What is the highest common divisor of d and 4?
4
Suppose -2*w + 30 = w - 4*b, 0 = -4*b + 12. Let q = -17 - -19. What is the highest common divisor of w and q?
2
Let r = 452 + -140. Calculate the highest common divisor of 39 and r.
39
Suppose 0 = -2*t - 36 + 6. Let x be 6/(t/9 - -2). Calculate the greatest common divisor of 198 and x.
18
Suppose -2*p - 75 = -5*p. Let z(a) = -4*a + 1. Let q be z(-1). Suppose 0 = q*w - p - 0. Calculate the highest common factor of 5 and w.
5
Let g = -17 + 36. What is the greatest common divisor of 38 and g?
19
Let n = -16 + 17. Let f(r) = 10*r**3 + r**2 - r. Let q be f(n). What is the highest common divisor of 90 and q?
10
Suppose 3*f = 4*f - 233. Suppose -5*h - k = -455, 4*h = -5*k + 131 + f. Let w be 2/(-7) - (-279)/21. What is the greatest common factor of w and h?
13
Suppose 2*a + a = 12. Suppose 0*b = -3*b + 4*l + 439, a*l - 632 = -4*b. Calculate the greatest common factor of 17 and b.
17
Suppose 355 + 185 = 4*g. Calculate the highest common divisor of 15 and g.
15
Let z(b) = -b**2 - 4*b + 3. Let d be z(6). Let l = 81 + d. Calculate the highest common divisor of 60 and l.
12
Let l be -1 - 2 - (2 - 6). Calculate the greatest common divisor of l and 4.
1
Let a = -8 + 7. Let v(u) = -15*u - 1. Let c be v(a). Calculate the highest common factor of c and 21.
7
Suppose -2*p + 4*q + 21 = 5, 24 = 3*p + 3*q. Let h(y) = 6*y - 10. Let j be h(p). Suppose -2*i = -168 + j. What is the highest common divisor of 26 and i?
13
Suppose -547 = -5*v - 3*q, -2*v + 6*v - 5*q = 445. Suppose 0 = 18*a - 21*a + 66. What is the greatest common divisor of v and a?
22
Let b(d) = 10*d**2 + 12*d + 24. Let f be b(-2). Calculate the greatest common factor of 280 and f.
40
Let y = 2 + 0. Suppose 2*u + 2*n - 2 = 0, -y = -3*n + 4. Let j = 3 - u. Calculate the greatest common divisor of 28 and j.
4
Suppose 5*c - 5 - 20 = 0. Suppose w - 20 = -w. Calculate the greatest common factor of w and c.
5
Let q(o) = o - 33. Let x be q(0). Let i = 47 + x. Let u(c) = c**2 - 6*c + 14. Let b be u(0). Calculate the greatest common divisor of i and b.
14
Let f = 30 + 2. What is the greatest common divisor of f and 8?
8
Let y(i) = i**2 + i - 4. Let u be y(-3). Suppose -4*b + 4*t + 12 = 0, 2*b + 3*t - 12 = -u*b. What is the highest common factor of 12 and b?
3
Suppose 0 = -3*h + 21 + 48. Suppose 3*w - 8 = 1. Suppose -5*q = -y - 3*q + 205, -w*y + 616 = -5*q. Calculate the highest common factor of h and y.
23
Suppose 16*y - 924 = 12*y. Let k(b) = 20*b**2 + 1. Let f be k(-1). What is the highest common divisor of y and f?
21
Let f = 19 + -83. Let b be 0 - 2 - (f - 1). Calculate the highest common factor of 9 and b.
9
Suppose 152 = -q - q. Suppose -102 = 2*g - z, -2*g = g - 3*z + 150. Let x = g - q. Calculate the highest common divisor of 36 and x.
12
Let h(y) = 2*y**3 - 7*y**2 + 4*y + 4. Let j be h(4). Calculate the greatest common factor of 18 and j.
18
Suppose 4*f = -0*n + 2*n - 92, 4*f - 158 = -3*n. Let w be 0 + (1 - -2) + 40/20. Calculate the highest common divisor of w and n.
5
Suppose 2 = h + 1, 0 = 2*z + h - 27. Let l = 3 + z. Calculate the highest common divisor of 144 and l.
16
Let r(m) = -71*m**3 + m**2 + m + 1. Let z(t) = -t**2 + t - 1. Let g be z(0). Let q be r(g). Calculate the highest common factor of q and 9.
9
Let k = 99 + -36. Let p be (-30)/9*k/(-5). Let w be (2 - -5)/(2/4). What is the highest common divisor of w and p?
14
Suppose 3*b + o = 101, 2*b = b - 3*o + 47. Suppose -x + 0*h + 84 = -4*h, -h = 1. What is the greatest common divisor of b and x?
16
Suppose -2*y = -34 - 64. Let x = -35 + y. Let p(n) = -n**2 - 38*n - 275. Let k be p(-23). Calculate the greatest common factor of k and x.
14
Let x = 1 - -6. Calculate the highest common divisor of x and 2.
1
Suppose -g + 1 = -5. Suppose -4*p = -70 - g. Calculate the highest common divisor of 95 and p.
19
Let f = 16 + -10. Suppose -3*b + f = 0, 4*t - 10 = 3*b + 2*b. Suppose 3*m + 9 = 0, t*h + 5 - 74 = -2*m. Calculate the greatest common factor of 5 and h.
5
Let x(v) = -2*v**3 + v**2 + 4*v + 9. Let i be x(-5). Calculate the greatest common divisor of i and 33.
33
Suppose -4*m + m + 3*f + 42 = 0, 2*m + 4*f = 16. Calculate the highest common factor of m and 48.
12
Suppose 2*g - 8 = -0*g. Let u(y) = 8*y - 6. Let k be u(g). What is the greatest common factor of 65 and k?
13
Suppose 4*q - 5 = -1. What is the highest common divisor of q and 2?
1
Suppose -8*j + 7*j = -128. Let q = -10 + 26. What is the highest common divisor of j and q?
16
Suppose 0 = 5*f - 0*f - 15. Let d be 3/(3/9*f). Suppose 0*g = -5*g - d*x + 160, -5*x + 10 = g. Calculate the highest common divisor of 5 and g.
5
Let f = -99 - -179. What is the greatest common factor of f and 10?
10
Suppose -30 = -4*y + 2*q, 4*q = 5*y + 5*q - 27. What is the highest common factor of y and 18?
6
Suppose 0 = 2*l - 0*l + 8. Let m(y) be the third derivative of y**5/60 - y**4/12 - y**3/3 - y**2. Let b be m(l). What is the greatest common factor of b and 55?
11
Let p = 31 + -1. Calculate the greatest common factor of 6 and p.
6
Let h(r) = 16*r + 2. Let x be h(4). Calculate the greatest common factor of x and 6.
6
Suppose -3*k + 147 = 3*w + 51, 3*w = 5*k + 128. Let c = -38 - -66. Suppose 4*p - 20 - c = 0. What is the greatest common factor of w and p?
12
Suppose 4*k - 84 = -0*k. Suppose 2*w = 93 - k. Calculate the greatest common divisor of w and 12.
12
Let t be (6/9*-3)/(-2). Let i be (21/6)/(t/2). Calculate the highest common divisor of i and 77.
7
Let y(h) be the second derivative of h**5/20 + h**4/2 - 17*h**3/6 - h**2 + 7*h. Let r be y(-8). Calculate the greatest common divisor of 24 and r.
6
Let w(q) = q**2 - 6*q + 1. Let f be w(6). What is the highest common factor of f and 3?
1
Let g(x) = x**3 - 5*x**2 + 3*x + 1. Let o be g(5). Suppose 54 = 2*w + o. Suppose -2*a + 21 = -321. Calculate the greatest common divisor of a and w.
19
Let z be (-2)/(-3)*867/34. What is the greatest common factor of 51 and z?
17
Suppose -2*s = -q + 5 + 119, -2*s = 4. Suppose 5*a = 4*b - 122, 4*b = 4*a - 0*a + q. Let x = 68 - b. Calculate the highest common divisor of x and 16.
8
Let d be (-4)/10 - (-3 - 261/15). Calculate the highest common factor of 80 and d.
20
Suppose 6*v - v = -5*i + 15, 3 = 3*v + 5*i. Let n be (-132)/v*2/(-4). Calculate the highest common divisor of 77 and n.
11
Let h(l) = l**3 + 5*l**2 + 4*l + 4. Let o be h(-3). Calculate the highest common divisor of 10 and o.
10
Suppose -3*n = -36 - 6. Let z(r) = 14*r**2 - 2*r + 1. Let q be z(1). Suppose 3*f - n = q. What is the greatest common divisor of 9 and f?
9
Suppose 2*a - 51 = 21. Suppose l + a = 2*l - 4*u, l + u - 11 = 0. What is the greatest common factor of 176 and l?
16
Let l be (5 + 0)*4/(-10). Let m = -1 - l. Suppose -11 = -0*z - z. Calculate the greatest common divisor of m and z.
1
Suppose 0 = 3*i - p + 6*p - 81, 0 = 2*i + 3*p - 55. Calculate the greatest common divisor of i and 8.
8
Let p = -29 - -33. Calculate the highest common factor of p and 12.
4
Suppose -6 - 14 = -4*c. Calculate the highest common divisor of c and 35.
5
Suppose 5*j = j + 88. Let g = -19 - -30. Wha